{"id":3055,"date":"2025-05-08T11:48:04","date_gmt":"2025-05-08T10:48:04","guid":{"rendered":"https:\/\/www.dorpsbelangensiddeburen.nl\/?page_id=3055"},"modified":"2026-05-02T09:45:58","modified_gmt":"2026-05-02T08:45:58","slug":"avond4daagse-siddeburen-2025","status":"publish","type":"page","link":"https:\/\/www.dorpsbelangensiddeburen.nl\/index.php\/avond4daagse-siddeburen-2025\/","title":{"rendered":"AVOND4DAAGSE SIDDEBUREN 2026"},"content":{"rendered":"\n<figure class=\"wp-block-image size-large\"><a href=\"http:\/\/www.dorpsbelangensiddeburen.nl\/site\/wp-content\/uploads\/2026\/05\/671654642_1566328122164459_4555413480767856515_n.jpg\"><img loading=\"lazy\" decoding=\"async\" width=\"724\" height=\"1024\" src=\"http:\/\/www.dorpsbelangensiddeburen.nl\/site\/wp-content\/uploads\/2026\/05\/671654642_1566328122164459_4555413480767856515_n-724x1024.jpg\" alt=\"\" class=\"wp-image-3213\" srcset=\"https:\/\/www.dorpsbelangensiddeburen.nl\/site\/wp-content\/uploads\/2026\/05\/671654642_1566328122164459_4555413480767856515_n-724x1024.jpg 724w, https:\/\/www.dorpsbelangensiddeburen.nl\/site\/wp-content\/uploads\/2026\/05\/671654642_1566328122164459_4555413480767856515_n-212x300.jpg 212w, https:\/\/www.dorpsbelangensiddeburen.nl\/site\/wp-content\/uploads\/2026\/05\/671654642_1566328122164459_4555413480767856515_n-768x1086.jpg 768w, https:\/\/www.dorpsbelangensiddeburen.nl\/site\/wp-content\/uploads\/2026\/05\/671654642_1566328122164459_4555413480767856515_n-1086x1536.jpg 1086w, https:\/\/www.dorpsbelangensiddeburen.nl\/site\/wp-content\/uploads\/2026\/05\/671654642_1566328122164459_4555413480767856515_n-980x1386.jpg 980w, https:\/\/www.dorpsbelangensiddeburen.nl\/site\/wp-content\/uploads\/2026\/05\/671654642_1566328122164459_4555413480767856515_n.jpg 1448w\" sizes=\"auto, (max-width: 724px) 100vw, 724px\" \/><\/a><\/figure>\n\n\n\n<p><strong>Reglement Avondvierdaagse Siddeburen<\/strong><\/p>\n\n\n\n<p><strong>Voor deelname aan de Avondvierdaagse Siddeburen geldt een reglement. Alle begeleiders en (ouders van) deelnemers dienen op de hoogte te zijn van deze regels voor de Avondvierdaagse Siddeburen.<\/strong><\/p>\n\n\n\n<p>De Avondvierdaagse Siddeburen wordt georganiseerd door Dorpsbelangen Siddeburen Vooruit en is aangesloten bij de Koninklijke Wandel Bond Nederland. De regels en richtlijnen van deze bond gelden ook voor de Avondvierdaagse Siddeburen.<\/p>\n\n\n\n<ol class=\"wp-block-list\">\n<li><strong>Deelname<\/strong><br>Deelname staat open voor iedereen. Men dient vier dagen te wandelen. Per dag inschrijven is niet mogelijk. Afstanden: De totale afstand van de Avondvierdaagse Siddeburen is:<br>40 km (4\u00d710 km) en 20 km (4\u00d75 km).<br>De afstanden kunnen een marge hebben van circa 1 km.<\/li>\n\n\n\n<li><strong>Inschrijven en betalen<\/strong><br>Inschrijven en betalen (via ideal) is alleen mogelijk via het inschrijfformulier op de&nbsp;<strong>website Avondvierdaagse-Siddeburen.nl of via deze<\/strong><a href=\"https:\/\/kwbn.tixxy.nl\/nl\/avond4daagse-siddeburen-2025\/add-participant\"><strong>&nbsp;link.<\/strong>&nbsp;<\/a>Betaling gebeurt direct bij inschrijving.&nbsp;<strong>Aanmelden kan vanaf 25 april.<\/strong><\/li>\n\n\n\n<li><strong>Start- en finishlocatie<\/strong><br><strong>Kindcentrum, Kugelslaan 13,  9628 TK Siddeburen.<\/strong><\/li>\n\n\n\n<li><strong>Aanmelding 1e dag<\/strong><br>Aanmelding op maandag tussen 18.30 uur en 19.30 uur op het plein van het Kindcentrum. Tegen inlevering van het bewijs van inschrijving wordt de start-\/controlekaart en een routebeschrijving uitgereikt.<\/li>\n\n\n\n<li><strong>Start\/contr\u00f4lekaarten<\/strong><br>Deelname is alleen mogelijk indien men in het bezit is van een startkaart. Op de dag van aanmelding ontvangt iedere deelnemer een start-\/controlekaart voor de wandeldagen. Groepen ontvangen per groep \u00e9\u00e9n kaart. Iedere avond ontvangt u bij aanmelding een stempel. Op de route is er \u00e9\u00e9n controlepost en wordt de kaart gestempeld. Controleurs zijn op de route te herkennen aan hun gele hesje.&nbsp;Bij afmelding na de wandeling op het plein van het Kindcentrum wordt een laatste en derde stempel op de kaart gezet. U kunt hiervoor terecht bij de controleposten.<\/li>\n\n\n\n<li><strong>Starttijden<\/strong><br>Maandag t\/m vrijdag is de <strong>vertrektijd 18.30 uur. <\/strong>Woensdag is een rustdag. Het start\/inschrijfpunt bij het Kindcentrum  is vanaf 18:20 uur geopend.<\/li>\n\n\n\n<li><strong>Wandelroutes<\/strong><br>Voor iedere dag zijn afwisselende wandelroutes samengesteld. Hoofdwegen worden zoveel mogelijk vermeden en er wordt veelvuldig gebruikgemaakt van fiets en wandelpaden. Alle geldende verkeersvoorschriften moeten stipt worden opgevolgd. De deelnemers dienen zich nauwgezet te houden aan de routebeschrijving, aanwijzingen op de weg c.q. van de controleurs\/verkeersregelaars.<\/li>\n<\/ol>\n\n\n\n<p><em>De routes zijn niet gegarandeerd rolstoelvriendelijk!<\/em><em><\/em><\/p>\n\n\n\n<ul class=\"wp-block-list\">\n<li><strong>Kleding<\/strong><br>Gemakkelijk zittende (sport)kleding wordt aanbevolen waarbij het bovenlichaam bedekt dient te zijn en te blijven.<\/li>\n\n\n\n<li><strong>Wandeltempo<\/strong><br>De beschikbare tijd voor het afleggen van de wandelroutes is voldoende om een redelijk en rustig tempo aan te houden. Hardlopen is niet toegestaan.<\/li>\n\n\n\n<li><strong>Passeren<br><\/strong>Het passeren van andere deelnemers is alleen toegestaan als er geen hinder of gevaar ontstaat voor andere weggebruikers.<\/li>\n\n\n\n<li><strong>Begeleiders<\/strong><br>De begeleiders zijn verantwoordelijk voor de deelnemers die zij begeleiden. Dit houdt in dat iedereen zich moet houden aan het reglement en dat groepen netjes bij elkaar blijven lopen.<\/li>\n\n\n\n<li><strong>Muziek<\/strong><br>Het is niet toegestaan tijdens de Avondvierdaagse Siddeburen geluidsapparatuur hoorbaar voor andere deelnemers te laten spelen. Zingen is daarin tegen wel toegestaan. Toon respect tijdens de wandelavonden voor medemens en natuur. Wees geen last voor andere lopers en omwonenden.<\/li>\n\n\n\n<li><strong>Opvolgen aanwijzingen<br><\/strong>Tijdens deelname aan de wandeltocht dienen aanwijzingen van de organisatie, politie, hulpdiensten e.d. te allen tijde worden opgevolgd.<\/li>\n\n\n\n<li><strong>Huisdieren<\/strong><br>Het meenemen van huisdieren op de wandelroutes is niet toegestaan.<\/li>\n\n\n\n<li><strong>Gebruik beeltenis<\/strong><br>Deelnemers gaan akkoord met het gebruik van hun beeltenis in druk, op foto, film, video etc. voor promotionele doeleinden van de Avondvierdaagse Siddeburen, Dorpsbelangen Siddeburen Vooruit en van de KWBN zonder daarvoor een vergoeding te claimen.<\/li>\n\n\n\n<li><strong>Aansprakelijkheid<\/strong><br>Deelname aan de wandeltocht geschiedt vrijwillig en geheel op eigen risico. Dorpsbelangen Siddeburen Vooruit is op geen enkele wijze verantwoordelijk en\/of geldelijk aansprakelijk voor geleden schade als gevolg van ongevallen en\/of ziekte, dan wel diefstal van goederen van deelnemers, ongeacht de oorzaak. Deelname geschiedt op eigen risico. Door inschrijving en deelname aan de Avondvierdaagse Siddeburen verklaart iedere deelnemer bekend te zijn met alle op dit wandelevenement betrekking hebbende bepalingen en voorschriften en deze zonder voorbehoud te aanvaarden. Indien door welke omstandigheid of omstandigheden dan ook het evenement geen (verdere) doorgang kan vinden, bestaat er g\u00e9\u00e9n recht op vergoeding van kosten en\/of teruggaaf van betaalde inschrijfgelden.<\/li>\n\n\n\n<li><strong>Beslissingsbevoegdheid<\/strong><br>In alle gevallen waarin dit reglement niet voorziet dan wel aanvullende of afwijkende maatregelen moeten worden genomen, beslist het bestuur van Dorpsbelangen Siddeburen Vooruit.<\/li>\n\n\n\n<li><strong>Persoonsgegevens<\/strong><br>De Avondvierdaagse Siddeburen (onderdeel van de vereniging Dorpsbelangen Siddeburen Vooruit) verwerkt persoonsgegevens van de deelnemers in overeenstemming met de Algemene Verordening Gegevensbescherming (AVG). De organisatie van de Avondvierdaagse Siddeburen kan bij inschrijving voor deelname verschillende gegevens van de deelnemers verwerken, zoals NAW-gegevens. De Avondvierdaagse Siddeburen gebruikt deze gegevens alleen voor de uitvoering en verbetering van de dienstverlening en deelt deze gegevens niet met derden. De organisatie van de Avondvierdaagse Siddeburen zorgt ervoor dat deze informatie goed is beveiligd.<\/li>\n<\/ul>\n","protected":false},"excerpt":{"rendered":"<p>Reglement Avondvierdaagse Siddeburen Voor deelname aan de Avondvierdaagse Siddeburen geldt een reglement. Alle begeleiders en (ouders van) deelnemers dienen op de hoogte te zijn van deze regels voor de Avondvierdaagse Siddeburen. De Avondvierdaagse Siddeburen wordt georganiseerd door Dorpsbelangen Siddeburen Vooruit en is aangesloten bij de Koninklijke Wandel Bond Nederland. De regels en richtlijnen van deze&hellip;<\/p>\n","protected":false},"author":16,"featured_media":0,"parent":0,"menu_order":0,"comment_status":"closed","ping_status":"closed","template":"","meta":{"_bbp_topic_count":0,"_bbp_reply_count":0,"_bbp_total_topic_count":0,"_bbp_total_reply_count":0,"_bbp_voice_count":0,"_bbp_anonymous_reply_count":0,"_bbp_topic_count_hidden":0,"_bbp_reply_count_hidden":0,"_bbp_forum_subforum_count":0,"footnotes":""},"class_list":["post-3055","page","type-page","status-publish","hentry"],"publishpress_future_action":{"enabled":false,"date":"2026-05-11 14:33:40","action":"change-status","newStatus":"draft","terms":[],"taxonomy":"","extraData":[]},"publishpress_future_workflow_manual_trigger":{"enabledWorkflows":[]},"_links":{"self":[{"href":"https:\/\/www.dorpsbelangensiddeburen.nl\/index.php\/wp-json\/wp\/v2\/pages\/3055","targetHints":{"allow":["GET"]}}],"collection":[{"href":"https:\/\/www.dorpsbelangensiddeburen.nl\/index.php\/wp-json\/wp\/v2\/pages"}],"about":[{"href":"https:\/\/www.dorpsbelangensiddeburen.nl\/index.php\/wp-json\/wp\/v2\/types\/page"}],"author":[{"embeddable":true,"href":"https:\/\/www.dorpsbelangensiddeburen.nl\/index.php\/wp-json\/wp\/v2\/users\/16"}],"replies":[{"embeddable":true,"href":"https:\/\/www.dorpsbelangensiddeburen.nl\/index.php\/wp-json\/wp\/v2\/comments?post=3055"}],"version-history":[{"count":0,"href":"https:\/\/www.dorpsbelangensiddeburen.nl\/index.php\/wp-json\/wp\/v2\/pages\/3055\/revisions"}],"wp:attachment":[{"href":"https:\/\/www.dorpsbelangensiddeburen.nl\/index.php\/wp-json\/wp\/v2\/media?parent=3055"}],"curies":[{"name":"wp","href":"https:\/\/api.w.org\/{rel}","templated":true}]}}